 4*v + 102 = v. Does 11 divide z?
False
Suppose 4*w + 67 = 3*v + 9631, v - 9564 = -4*w. Is w a multiple of 21?
False
Let r be 3/2 + (-10791)/(-22). Let w = -196 + r. Does 22 divide w?
False
Suppose 2*t - 3*f = -2*t - 40, 4*f - 10 = 2*t. Let q = t - -13. Suppose -2*l - 2*w + 60 = w, l - 2*w - 44 = q. Is l a multiple of 12?
True
Is 3 a factor of ((-1)/(-9))/(1/3123)?
False
Let n(d) = -3*d**2 - 9*d + 14. Let x(a) = -3*a**2 - 9*a + 15. Let r(k) = 4*n(k) - 5*x(k). Is r(-9) a multiple of 13?
True
Suppose -5*g = 95 + 40. Let t = g - -136. Is 23 a factor of t?
False
Let r(o) = 111*o**2 - 1. Is r(-1) a multiple of 10?
True
Suppose 0 = -2*v - 108 - 26. Let a = 91 + v. Does 20 divide a?
False
Suppose 0 = -4*y + 14*y - 13000. Is 70 a factor of y?
False
Let t = -7 - -11. Suppose -3*u + 7*u + t = 0. Is 15 a factor of ((-4)/(-8)*-34)/u?
False
Let j = 9 - 7. Does 31 divide (j/2)/((-6)/(-186))?
True
Suppose -f + 40 = -4*n, 4*f = -f - 3*n + 177. Suppose -c + 191 = -5*w + 514, -186 = -3*w - 2*c. Let o = w - f. Is o a multiple of 8?
False
Is 36*(2/4 - 0) a multiple of 9?
True
Is 23 a factor of 4/7 + (-599260)/(-532)?
True
Let x = -21 - -132. Is 33 a factor of x?
False
Let m(j) be the second derivative of -j**3/6 - 4*j. Let u(q) = 12*q + 4. Let a(f) = 5*m(f) + u(f). Is 23 a factor of a(6)?
True
Suppose 4*g + 4*p + 1244 = 0, -4 = -4*p + 5*p. Let l = g + 530. Is l a multiple of 17?
False
Suppose 7*c - 828 - 859 = 0. Is c a multiple of 14?
False
Does 32 divide (-360)/(-1260) + 5/(70/2684)?
True
Suppose o = -5*s + 77, s - 1 = -5*o - 0. Let b = s + -13. Is 13 a factor of (7*-1)/(b/(-12))?
False
Let h(q) = -7*q - 1. Let m(v) = -7*v - 1. Let k(r) = -3*h(r) + 4*m(r). Suppose -10 = 4*i + 2. Does 5 divide k(i)?
True
Let u(z) = -z**3 + 6*z**2 - 7*z + 6. Let t be u(4). Suppose -2*p + t = 3*p. Suppose -p*a + a + 17 = 0. Does 17 divide a?
True
Suppose 17*p = 15*p + 8. Suppose -p*q - 34 = -198. Is 23 a factor of q?
False
Let f be 42/8 + 2/(-8). Let q be f/2*(-1380)/(-50). Let k = q - 18. Is 29 a factor of k?
False
Let t be 2/(-6) + (-280)/(-21). Let k be (t + 3)*27/6. Let j = k + -19. Is j a multiple of 9?
False
Let z(b) = b**3 + 34*b**2 - 122*b - 62. Does 23 divide z(-37)?
True
Let h(l) = -5*l**2 - l. Let v be h(6). Let b(x) = -2*x**2 + 21*x - 26. Let d be b(12). Let o = d - v. Is 31 a factor of o?
True
Suppose -5 = -3*h + 10. Suppose 6*s - 4*s = 3*m + 96, 0 = -h*m - 4*s - 160. Let i = m - -56. Is i a multiple of 11?
False
Let z(m) be the second derivative of 5*m**3/3 - 31*m**2/2 - 2*m. Is z(13) a multiple of 45?
False
Let l = -15 - -4. Let d(n) = -2*n - 16. Let j be d(l). Suppose 5*t = j*t - 36. Does 9 divide t?
True
Suppose n - 5*g = 46, -2*n + 27 + 65 = 3*g. Is 5 a factor of n?
False
Let h = -1386 + 3386. Is h a multiple of 20?
True
Let x(u) = u**2 - 3*u - 3. Let j be x(4). Suppose -c = -2*f - 10, -2*f - 3 = -j. Let d(z) = 2*z - 7. Is d(c) a multiple of 9?
True
Let b(q) = q**3 - 4*q**2 - 3*q - 6. Let d = -14 - -17. Suppose -z = -d*z + 10. Is b(z) a multiple of 3?
False
Let p = 25 + -22. Suppose -2*h + 238 = -3*j - 13, -p*h = 4*j - 334. Does 20 divide h?
False
Let v(f) = -7*f**2 + f**2 + 2*f**2 + 0*f**2 + f. Let p be v(-1). Let m = p + 7. Is m a multiple of 2?
True
Let k(r) = r**3 - r**2 + 27. Let x be -3 - (2/(-6))/((-3)/(-27)). Does 10 divide k(x)?
False
Let d = -28 + 28. Suppose -r + 115 = -w, -4*r + 5*w + 336 + 123 = d. Does 30 divide r?
False
Suppose -s + 2041 = a, 5 = -a + 6. Is 12 a factor of s?
True
Let h = 6 + -4. Suppose c - 25 = 3*z, -h*c - 4*z + 30 = -5*z. Suppose 5 = -2*s + c. Does 4 divide s?
True
Suppose 2*k = -x + 5*x - 1554, 3*k + 3 = 0. Does 36 divide x?
False
Suppose 4 - 22 = -4*v - 3*h, 24 = 3*v - 3*h. Suppose -v - 13 = -d. Let i = -12 + d. Is i a multiple of 7?
True
Suppose 14*d = -24*d + 41876. Does 38 divide d?
True
Suppose -4*n - 3150 = -p, 48*p + n = 47*p + 3145. Is 23 a factor of p?
False
Suppose 3*v - 4*i = 8*v + 6, 1 = v + 3*i. Suppose -2*c = -4*c - 18. Is 3 a factor of v/(4 + 42/c)?
True
Suppose 3*i - 8*i = -20. Suppose 0*l = -i*l + 716. Let j = 260 - l. Does 12 divide j?
False
Suppose 3*b = -b + 20. Suppose -n - b*l = -12, -4*l + 90 + 22 = 4*n. Suppose 128 = 3*h + n. Is h a multiple of 16?
True
Let g = -675 - -1372. Is 5 a factor of g?
False
Let n(y) = -2*y**3 + 41*y**2 - 52*y - 10. Is n(19) a multiple of 3?
False
Let g(c) = 4*c**2 + 5 - 2*c**2 + 7 - 3*c. Is g(9) a multiple of 22?
False
Let o(f) = f**3 + 18*f**2 + 7*f - 20. Does 55 divide o(-15)?
True
Let y(l) = l - 11. Let k(r) = 2*r - 23. Suppose 2*h = z + 16, z + 5*h - 13 = -z. Let s(p) = z*k(p) + 13*y(p). Is s(9) a multiple of 3?
False
Let h(j) = 36*j + 6. Let m be 1 + (-6)/9 - (-77)/21. Does 15 divide h(m)?
True
Suppose -3*u - 88 - 812 = -3*n, n + 2*u = 312. Does 14 divide n?
False
Let b(v) = 2*v + 0*v + 1 - v**3 + 5*v**2 - 4*v. Let f be b(7). Let t = f + 201. Does 30 divide t?
True
Let m = 12 - 17. Let j(f) = 7*f - 8. Let a(y) = 15*y - 16. Let s(u) = m*j(u) + 3*a(u). Is 12 a factor of s(6)?
False
Let t be -678*(21/(-6))/7. Let w = -167 + t. Suppose 0*c = -3*o + 4*c + 108, -4*o + w = 4*c. Does 10 divide o?
True
Let l(y) = -2*y**3 - 10*y**2 - 9*y - 6. Let u = -40 + 34. Does 12 divide l(u)?
True
Let s(q) be the second derivative of -2*q**3 - 10*q**2 + 7*q. Is 28 a factor of s(-10)?
False
Let h(p) = -p**3 + 17*p**2 + 29*p + 34. Does 103 divide h(17)?
False
Let o = -20 - -1648. Is 44 a factor of o?
True
Let b be 2 + -1 - 4/(-2). Let i(z) = 24*z - 8. Does 9 divide i(b)?
False
Suppose -w - 4 = -m - 3*w, 0 = -2*m + 2*w + 8. Let q = m - 1. Suppose -g + 6*g - y - 119 = 0, -4*g + 104 = -q*y. Does 4 divide g?
False
Suppose -670 = -2*b - 94. Suppose -2*r - b = -4*j, 0 = -6*j + 2*j - 2*r + 296. Does 22 divide j?
False
Suppose 7*g + 5*h - 5 = 2*g, -3*h - 12 = 0. Suppose -15 = -g*l - 0*l. Suppose t - 2*t - 4*s + 3 = 0, l*t - 23 = -5*s. Is 11 a factor of t?
True
Let c be ((-10)/(-3))/((-4)/(-6)). Suppose -c*j + 183 = 593. Let n = j - -126. Is 22 a factor of n?
True
Is 20 a factor of (-3)/(-2) + (-2982)/(-12) + 10?
True
Suppose 6 + 30 = -4*j. Let r be (-159)/j - (-4)/12. Suppose 5*b - 7 - r = 0. Is 5 a factor of b?
True
Suppose q + 3 = 2, 3*b + q = 2567. Is 13 a factor of b?
False
Let w be ((-6)/(-5))/(-2 + (-12)/(-5)). Suppose -190 - 80 = -w*v. Does 10 divide v?
True
Suppose 2*h = -4*d + 128, -2*h + 3*d + 83 = -73. Is h even?
True
Suppose 5*c - 3*z = 2*z + 1655, -5*c + 1654 = -4*z. Is c a multiple of 15?
True
Let b be -1*(4/(-2) + -3). Suppose -b*k = 4*x - 116, -4*x - 2*k = -43 - 61. Suppose -x - 176 = -5*v. Does 15 divide v?
False
Suppose 0 = -5*n - 2*r + 4, 3*n - 3 = -5*r + 7. Suppose 5*s = -4*d + 20, 3*d + n - 15 = -4*s. Does 3 divide d?
False
Suppose 0 = -3*f - 0*f - x + 80, -5*f + 100 = -5*x. Suppose -2*w = 3*v + f, -5*v + w = -2*w + 29. Let t(a) = -a**3 - 7*a**2 - 10*a - 8. Does 16 divide t(v)?
False
Let s be (4/(-6))/((-5)/(1230/4)). Suppose -3*o = 4*u - s, 2*u + 3*o + 4 = 23. Is u a multiple of 7?
False
Suppose -9*h + 4*h = -595. Suppose -133 = -3*q + h. Is q a multiple of 21?
True
Let s(j) = -j**2 + 42. Is s(0) a multiple of 4?
False
Suppose 364 = -32*h + 39*h. Is 13 a factor of (-4)/(-2)*h/(-32)*-68?
True
Is 9*((-150)/(-18) + -7) even?
True
Suppose 0 = -f + 2*f - 2*g + 38, 3*g = 6. Let y be f/(-8) + 1/(-4). Suppose -y*o = o + 4*d - 68, 5*o = -3*d + 66. Does 9 divide o?
False
Suppose 36*f - 34*f - 2402 = -2*q, 0 = 4*q - 5*f - 4831. Is 43 a factor of q?
True
Let x(t) be the second derivative of t**8/6720 - t**7/2520 + t**6/720 + t**5/20 - 5*t**4/12 - 4*t. Let y(o) be the third derivative of x(o). Does 2 divide y(0)?
True
Let i be 1352/28 + (-6)/21. Suppose 0 = -2*m - t + 24, 5*m + t - i = m. Does 4 divide m?
True
Let b be -45 + (-1 - -6 - 4). Let m = 124 + b. Is m a multiple of 20?
True
Suppose 4*r = 24 - 36. Let b be r/((-4)/((-24)/(-9))). Suppose -l = -f - 0*l + 7, 10 = b*f - 3*l. Does 7 divide f?
False
Suppose 2*z - 2*b = -2*z - 638, -3*z + b - 481 = 0. Let m = z - -254. Is 12 a factor of m?
False
Let x(s) = s**3 + s**2 + s + 10. Let n be x(0). Suppose n*h = 8*h - 6. Is 9 a factor of ((-18)/(-7))/(h/(-21))?
True
Suppose 5*n - 2 - 18 = 0. Suppose -3*k - n*r + 234 = -0*r, r = -3. Suppose k + 128 = 5*y. Is 13 a factor of y?
False
Let l be ((-3)/(-2))/(6/56). Let c = 16 - l. Suppose -2 = -2*d - 